der when 1012077 is divided by 337353.
18
Calculate the remainder when 45863191 is divided by 257.
256
What is the remainder when 1596396 is divided by 2232?
516
What is the remainder when 1614685 is divided by 124?
81
Calculate the remainder when 62154 is divided by 3378.
1350
Calculate the remainder when 1202811 is divided by 1937.
1871
What is the remainder when 7587 is divided by 5964?
1623
What is the remainder when 4173722 is divided by 4488?
4370
What is the remainder when 5048473 is divided by 280469?
31
Calculate the remainder when 10937239 is divided by 1016.
1015
What is the remainder when 999674 is divided by 12654?
8
What is the remainder when 69862 is divided by 80?
22
What is the remainder when 31033 is divided by 7512?
985
What is the remainder when 4878615 is divided by 398?
329
What is the remainder when 1382294 is divided by 310?
4
Calculate the remainder when 152620699 is divided by 17.
3
Calculate the remainder when 38066 is divided by 37229.
837
Calculate the remainder when 289883 is divided by 10560.
4763
Calculate the remainder when 1846712 is divided by 45.
2
Calculate the remainder when 5018628 is divided by 1534.
914
Calculate the remainder when 523573 is divided by 545.
373
Calculate the remainder when 1431917 is divided by 1332.
17
What is the remainder when 261890864 is divided by 65472712?
16
Calculate the remainder when 10686324 is divided by 5560.
4
What is the remainder when 171329 is divided by 257?
167
What is the remainder when 65215 is divided by 32408?
399
Calculate the remainder when 361217 is divided by 16414.
109
Calculate the remainder when 12568518 is divided by 583.
204
Calculate the remainder when 51364952 is divided by 56445.
2
What is the remainder when 3639135 is divided by 110?
5
What is the remainder when 1429997 is divided by 125?
122
Calculate the remainder when 12200289 is divided by 1617.
24
What is the remainder when 19121314 is divided by 816?
802
What is the remainder when 1355578 is divided by 1355570?
8
Calculate the remainder when 17868684 is divided by 687257.
2
What is the remainder when 216709927 is divided by 164?
163
Calculate the remainder when 356711 is divided by 13.
4
Calculate the remainder when 350887 is divided by 1184.
423
What is the remainder when 166432 is divided by 6657?
7
What is the remainder when 108635 is divided by 731?
447
Calculate the remainder when 14878738 is divided by 986.
984
What is the remainder when 1303341 is divided by 217187?
219
Calculate the remainder when 794041 is divided by 39657.
901
What is the remainder when 53823338 is divided by 436?
10
Calculate the remainder when 390719 is divided by 97673.
27
Calculate the remainder when 13213040 is divided by 178550.
340
Calculate the remainder when 34988921 is divided by 610.
541
What is the remainder when 141395902 is divided by 1472?
1470
What is the remainder when 2279333 is divided by 84415?
128
What is the remainder when 8837041 is divided by 33?
4
Calculate the remainder when 394956 is divided by 169.
3
Calculate the remainder when 1464808 is divided by 529.
7
Calculate the remainder when 19335636 is divided by 92.
88
What is the remainder when 13383599 is divided by 993?
938
What is the remainder when 375141 is divided by 17863?
18
Calculate the remainder when 145773 is divided by 342.
81
Calculate the remainder when 157857 is divided by 4153.
43
Calculate the remainder when 2332291 is divided by 25.
16
What is the remainder when 1342466 is divided by 627?
59
Calculate the remainder when 4675390 is divided by 2747.
2743
What is the remainder when 4495579 is divided by 4451?
69
What is the remainder when 42491 is divided by 42455?
36
What is the remainder when 570683 is divided by 570680?
3
Calculate the remainder when 109808 is divided by 2034.
2006
Calculate the remainder when 35280173 is divided by 5.
3
What is the remainder when 25697 is divided by 4950?
947
Calculate the remainder when 283952 is divided by 94612.
116
Calculate the remainder when 122814 is divided by 142.
126
Calculate the remainder when 7231997 is divided by 54.
47
Calculate the remainder when 310414 is divided by 22170.
34
Calculate the remainder when 715687 is divided by 37.
33
What is the remainder when 369865823 is divided by 92466452?
15
Calculate the remainder when 11051929 is divided by 18.
1
What is the remainder when 499348 is divided by 6427?
4469
Calculate the remainder when 31437306 is divided by 102.
90
Calculate the remainder when 1838 is divided by 420.
158
What is the remainder when 8796 is divided by 4062?
672
Calculate the remainder when 571323 is divided by 566088.
5235
What is the remainder when 261355721 is divided by 3697?
3
Calculate the remainder when 39158 is divided by 7183.
3243
Calculate the remainder when 494964355 is divided by 132.
127
Calculate the remainder when 25021396 is divided by 17.
14
Calculate the remainder when 63325 is divided by 306.
289
What is the remainder when 5322820 is divided by 16?
4
Calculate the remainder when 24770455 is divided by 1179543.
52
Calculate the remainder when 88470 is divided by 102.
36
Calculate the remainder when 20795 is divided by 558.
149
What is the remainder when 4623703 is divided by 111?
109
What is the remainder when 510788620 is divided by 687?
685
What is the remainder when 53347904 is divided by 5530?
5524
Calculate the remainder when 478843 is divided by 57598.
18059
What is the remainder when 105164 is divided by 50781?
3602
Calculate the remainder when 6520902 is divided by 878.
874
Calculate the remainder when 69240245 is divided by 449.
404
What is the remainder when 25587 is divided by 12713?
161
What is the remainder when 41139552 is divided by 266?
258
Calculate the remainder when 349986 is divided by 116633.
87
Calculate the remainder when 176387 is divided by 175927.
460
Calculate the remainder when 7070134 is divided by 34321.
8
Calculate the remainder when 2654974 is divided by 71756.
2
Calculate the remainder when 515569 is divided by 545.
544
What is the remainder when 240263 is divided by 4618?
127
What is the remainder when 968619 is divided by 1010?
29
Calculate the remainder when 7195068 is divided by 2913.
2871
What is the remainder when 1900057 is divided by 21?
19
What is the remainder when 8086910 is divided by 1897?
1896
Calculate the remainder when 468754 is divided by 80.
34
What is the remainder when 258197 is divided by 1363?
590
Calculate the remainder when 263984 is divided by 1065.
929
What is the remainder when 16112252 is divided by 11625?
2
Calculate the remainder when 66209 is divided by 3669.
167
What is the remainder when 2119972 is divided by 124678?
446
What is the remainder when 30041946 is divided by 29?
5
What is the remainder when 316423 is divided by 21093?
28
Calculate the remainder when 462821 is divided by 1146.
983
Calculate the remainder when 7655907 is divided by 67.
18
What is the remainder when 617478895 is divided by 472?
471
Calculate the remainder when 241699 is divided by 113.
105
Calculate the remainder when 526887 is divided by 11729.
10811
What is the remainder when 11581502 is divided by 131606?
174
Calculate the remainder when 108897 is divided by 10888.
17
Calculate the remainder when 370870498 is divided by 3250.
3248
Calculate the remainder when 151417 is divided by 686.
497
Calculate the remainder when 79659525 is divided by 7796.
7793
Calculate the remainder when 33978949 is divided by 61.
58
What is the remainder when 2545817 is divided by 561?
560
Calculate the remainder when 75426 is divided by 18810.
186
Calculate the remainder when 870934 is divided by 412.
378
Calculate the remainder when 65200388 is divided by 12.
8
Calculate the remainder when 191730 is divided by 1213.
76
Calculate the remainder when 1048700 is divided by 57.
14
What is the remainder when 69166 is divided by 3882?
3172
Calculate the remainder when 260044 is divided by 68.
12
What is the remainder when 5153201 is divided by 177?
23
Calculate the remainder when 8269488 is divided by 918831.
9
Calculate the remainder when 687180 is divided by 1293.
597
What is the remainder when 12966 is divided by 11788?
1178
Calculate the remainder when 302635 is divided by 993.
763
Calculate the remainder when 1785